t r(a) = -15*a**2 + 3*a - 19. Let x = -167 - -145. Let s(c) = 4*c**2 - c + 5. Let k(v) = x*s(v) - 6*r(v). Give k(-3).
10
Let j = -133283 - -133279. Let t(c) = 2*c + 2. Let q(n) = 2*n + 3. Let z(m) = 7*q(m) - 6*t(m). Give z(j).
1
Let l(t) = -t**2 + 5*t + 116. Let r(s) = 18*s**2 + 161*s - 18. Let x be r(-9). What is l(x)?
-10
Let z(a) = -6*a - 51*a**3 - 7*a**3 + 59*a**3 + 0*a**2 - 6*a**2 + 2. Give z(5).
-53
Let d(h) = -3*h + 5 - 14*h + 43*h + 1. Determine d(2).
58
Suppose 2*c + 45 = -5*g + 35, 3*c - 2 = g. Let a(d) = -d**3 - d**2 - d - 32. Calculate a(c).
-32
Let q(n) be the third derivative of 1 + 30*n**2 + 1/3*n**3 - 1/24*n**4 + 0*n. Determine q(-6).
8
Let r(c) = -c**2 - 14*c - 27. Let a be r(-11). Let t(o) = 28*o - 54735 - o**2 - 20*o + 54738. Determine t(a).
15
Let r be ((300/(-16))/(-15))/(-4 - 102/(-24)). Let a(i) = i + 1. What is a(r)?
6
Let r(b) = -2*b**2 - 42*b + 3. Suppose 15*v = 17*v + 5*p + 62, 3*p = -4*v - 96. Calculate r(v).
3
Let b(j) = -j**3 + 7*j**2 + 6. Let k = -1114 + 1121. What is b(k)?
6
Let b(k) = 2*k**2 - 19*k - 6. Let p = -513 - -517. Let g(v) = -2*v**2 + 18*v + 5. Let z(w) = p*b(w) + 5*g(w). Calculate z(7).
1
Let g(r) = 6*r. Let c = 7 + 17. Suppose 2*j = -46 - c. Let z = 32 + j. What is g(z)?
-18
Let f(c) be the first derivative of c**4/4 - 8*c**3 - 27*c**2 + 49*c + 1978. Give f(26).
-3
Let c be -2*((-10)/20 - 5). Let j(o) = 2*o - 25. Calculate j(c).
-3
Let v(l) = -l**3 + 6*l**2 - 6*l + 6. Let y be v(5). Let h(g) = 3*g + 11. Let p(j) = 4*j - 2. Let c(m) = -h(m) - 5*p(m). Determine c(y).
-24
Let a(f) = -f + 4. Let i be 2/(-3) + ((-2440)/12 - 1). Let t = i - -195. Calculate a(t).
14
Let n(f) = -f + 7. Suppose -3*u - y + 590 = 0, -786 = -4*u + y - 2*y. Let x = u + -191. Determine n(x).
2
Let x(l) be the second derivative of l**4/2 - 3*l**3/2 - 9*l**2 + 81*l. Let r(f) = -5*f**2 + 9*f + 15. Let s(d) = 5*r(d) + 4*x(d). What is s(6)?
21
Suppose -9 + 4 = 5*b, 0 = 2*c - 2*b + 8. Let k(j) = -18*j + 12. Determine k(c).
102
Let n(p) = -7*p + 11. Let i(f) = -11*f + 20. Let w(j) = 3*i(j) - 5*n(j). Let t be 5*-1*(-18 + 20). Determine w(t).
-15
Let d be 1 + ((-46)/(-14) - (130/(-35) - -4)). Let z(j) = -j + 10. Let i be z(8). Let l(c) = d*c**3 + 1 - 3*c**3 - i*c**3 - c**2 - 5*c**3. Determine l(1).
-6
Let j(a) = 2683 + 2667 - 5373 + a. Calculate j(14).
-9
Let w be 14/5*1050/245. Let g(o) = o**2 - 11*o - 14. What is g(w)?
-2
Let s(c) = 5*c**3 - 4*c**2 + 22*c + 1. Let k(h) = -3*h**3 + h**2 - 12*h - 2. Let w(p) = -7*k(p) - 4*s(p). What is w(-10)?
-50
Suppose 0 = l - 2*l. Suppose -4*u + 2*f = -l*f - 18, 0 = -u - 4*f - 9. Let v(b) = -b**3 + 376574 - 376578 - 3*b + 0*b**2 + 4*b**2. What is v(u)?
-4
Let m(r) be the third derivative of r**5/60 + r**4/8 + 7*r**3/6 + 3806*r**2. Calculate m(7).
77
Let r be 325/(-6 + -7) - (17 - 4). Let i(v) = 34*v + 1286. Give i(r).
-6
Let k(p) be the second derivative of p**5/20 + 5*p**4/6 + 2*p**3/3 + 16*p**2 - 2172*p. Give k(-10).
-8
Let j(h) be the second derivative of h**6/180 + h**5/24 - h**4/8 - h**3/3 - 65*h**2 - 42*h + 1. Let q(f) be the second derivative of j(f). What is q(-4)?
9
Let s(k) = k**2 + k + 1. Let p(g) = g**2 - 2*g - 3. Let d(h) = p(h) + 4*s(h). Let t = 91 + -93. Let j be (-16)/(-24)*3/t. Give d(j).
4
Let u be (360/420)/((-2)/14). Let j(o) = -7*o + 61. Give j(u).
103
Let n(c) = 2*c**3 + 23*c**2 - 15*c - 7. Let y(k) = -k**3 - 20*k**2 + 13*k + 6. Let j(s) = 6*n(s) + 7*y(s). What is j(1)?
4
Let d be -1 + (4/4)/(2/4). Let x be -2*-7*d + (-51)/17. Let g(h) = -x*h + 7*h + 4*h + h. What is g(-4)?
-4
Let u(a) = -207*a**3 + 13*a**2 + 15*a + 2. Let f(v) = 181*v**3 - 12*v**2 - 14*v - 2. Let z(s) = -8*f(s) - 7*u(s). Calculate z(-5).
-33
Let v = -208 - -212. Let r(h) = 10*h**2 - 7*h - 8. Let z(x) = -12*x**2 + 8*x + 9. Let b(s) = v*z(s) + 5*r(s). What is b(3)?
5
Let x = 97 + -93. Suppose 2*v - x*h = -4, -2*v + 6*v = 4*h. Let i(j) = j - 4029*j**v + 3 + 4027*j**2 - 4*j. Calculate i(-3).
-6
Let c(b) = -2*b**2 - 9*b - 30. Let l be c(-6). Let d = l + 49. Let p be -4*1 - 12/(3/d). Let g(q) = -q - 9. Give g(p).
-1
Let t(o) = -o**3 - 18*o**2 + 64*o + 4. Let c be t(-21). Let u(h) = -h**3 - 18*h**2 - 14*h + 14. Calculate u(c).
-37
Let c(u) = -21*u - 28*u + 85 + 51*u - 19*u. Give c(5).
0
Suppose -98 = -30*z - 38. Let h(q) = 1 + 4 - 4*q**2 + 2*q**3 - 3*q**3 + 0*q**z - 3 + 6*q. Suppose 2*p = -2*p - 20, -p = 4*t + 25. What is h(t)?
-3
Let r = -45 + 47. Let q(w) = -163*w + r*w**2 + 2 + 84*w + 84*w. What is q(-3)?
5
Let d(s) = 235*s - 502. Let p be d(2). Let g(l) = -l**2 - 36*l - 134. Determine g(p).
-6
Let j(a) be the first derivative of 1/15*a**5 - 10 - 1/120*a**6 - 1/6*a**3 + 0*a - 3*a**2 - 1/8*a**4. Let o(y) be the second derivative of j(y). Give o(3).
-1
Let q(m) = m**2 + 7*m + 2. Let h be (-2)/(-5)*(149 + 1)/(-5). Let f be h - (3/2*-4 - -3). Let k(l) = 2*l + 12. Let x be k(f). Calculate q(x).
-4
Let o(p) = p**2 + 9*p + 4. Let z(y) = -y + 6. Let k be z(6). Suppose -3*a - 5*g = 23, -4*g - 28 = 4*a - k*g. Calculate o(a).
-14
Let g(x) be the second derivative of -x**5/20 + x**4/3 + 5*x**3/3 - x**2 + 10*x + 20. What is g(6)?
-14
Let a(d) = -d + 6. Suppose f = 9*f - 16. Let n be (24/(-32))/(f/(-8)). Suppose -n*w - 15 = -4*x, w = 3*x - w - 12. Give a(x).
0
Let v(a) be the second derivative of a**4/6 - a**3/3 - a**2/2 + 9*a - 7. Let b(i) = i**2 - 4*i - 3. Let j be b(5). What is v(j)?
3
Let p = 583 - 578. Let h(z) = p*z**2 + 0*z**2 - 1099 + 1101 - 2*z. Give h(1).
5
Suppose 5*v - 208 + 161 = 4*m, m = -3. Let z(f) = -f**2 + 13*f - 74. Determine z(v).
-32
Let g(k) = -5*k - 14. Let y(x) = x + 3. Let j(c) = -2*g(c) - 9*y(c). Let f(v) = 2*v**2 - 3*v + 2. Let r be f(-3). Suppose -4*p - 7 = r. Give j(p).
-8
Let b(d) = -412*d**2 - 14*d - 449*d**2 + 862*d**2 + 5. Determine b(9).
-40
Let g(w) be the first derivative of w**3/3 + 11*w**2/2 + 31*w - 1282. Give g(-10).
21
Let s(d) = d + 1 - 9*d**2 - d**3 + 0*d**2 + d**2. Suppose 0 = -4*j + 5*t + 8, -5*j + 44 = -t + 34. Suppose 8*q = j*q - 48. Give s(q).
-7
Let t(o) = -11*o + 79. Let p(f) = -19. Let a(v) = -5*p(v) - t(v). What is a(-2)?
-6
Let o(r) = 5*r**2 + 32*r + 6. Let a(k) = 6*k**3 + 12*k**2 + 10*k - 2. Let s be a(-1). Give o(s).
-6
Let q(a) = 3*a**2 - 4*a + 2. Let f be q(2). Suppose -2*j + 16 - 6 = 0, -5*y - 2*j + 40 = 0. Let l(u) = 12*u**2 + 9*u - 19*u**2 - 3 + y*u**2 - 5. What is l(f)?
10
Let i = 46 - 30. Suppose 0 = -2*m - 10, -2*m - i = -4*h - 2. Let x(c) = -8 + 3 + 6 + c**2 + 5*c**2. What is x(h)?
7
Let u(n) = 2*n**3 + 70*n**2 + 67*n - 29. Suppose 1725 = -14*y - 11*y + 875. What is u(y)?
5
Let m = 513 - 498. Suppose 0 = 2*h + 3*h - 5*i - m, 3*i - 26 = -2*h. Let s(a) = -4*a + 23. Calculate s(h).
-5
Let i(y) be the third derivative of y**5/10 + 4*y**4/3 + y**3/3 + 38*y**2 + y. Give i(-6).
26
Let k be 1 + -1 + 1 + 0. Let t be ((-1)/(-2))/(k/6). Let b(o) = 2*o**2 - 5*o**2 + 4*o**2 - 3*o + 51 - 129 + 42 + 35. Calculate b(t).
-1
Let c = 915 + -922. Let g(p) = 10*p - 11. Let b(j) = -7*j + 8. Let i(f) = c*b(f) - 5*g(f). Determine i(9).
-10
Let k(u) = 785*u**2 + 6*u - 126 - 786*u**2 - 120 + 234. Calculate k(7).
-19
Let a(p) = -3*p. Let x = -6452 - -6465. What is a(x)?
-39
Let w be 1 + 64 - (-13 + 19). Let m = w - 51. Let n(l) = -l**3 + 7*l**2 + 5*l + 5. Give n(m).
-19
Let i(n) = 5*n**3 - 13*n**2 + 9*n - 2. Let x(j) = -11*j**3 + 29*j**2 - 17*j + 3. Let b(d) = -5*i(d) - 2*x(d). Calculate b(2).
-14
Let w(n) = 2*n**3 - 13*n**2 - 4*n - 32. Let y be 118/16 + 0 + (-1374)/3664. Give w(y).
-11
Let f(l) = -l**2 + 39*l - 247. Let x be f(31). Let k(u) = 14*u**3 + 3*u**2 - 2*u. Determine k(x).
15
Let v(h) = h**2 - 3*h + 2. Let c = -156 - -37. Let p = c + 122. Give v(p).
2
Let d(o) be the second derivative of o**6/120 - o**5/30 - o**4/12 + 2*o**3/3 + 23*o**2/2 - 8*o. Let v(b) be the first derivative of d(b). Calculate v(3).
7
Let j(v) = -4*v**3 - 12*v**2 + 6*v + 2. Let s(t) = -5*t**3 - 13*t**2 + 4*t - 1. Let c(m) = 4*j(m) - 3*s(m). What is c(-9)?
-97
Let i(c) = c**3 + 2*c - 1. Let a be (15 - -1) + (-27 - -22). Suppose -2*j + 5*h = -21, 3*h = 5*j - 3*j - a. Determine i(j).
-13
Suppose z + 4*z - 155 = 0. Suppose -2*i + z = i + 4*u, 5*i = -5*u + 45. Let t(w) = -2*w**2 + 8*w + 2. Let l(o) = 2. Let v(b) = -3*l(b) + t(b). Calculate v(i).
-14
Let q(b) be the second derivative of 4*b**3/3 + b**2 - b. Suppose